+ 1. What is r(k)?
-6
Let n(l) be the second derivative of -l**6/120 - l**5/15 + 7*l**4/24 + l**3 - 39*l**2/2 + 31*l. Let c(s) be the first derivative of n(s). Calculate c(-5).
-4
Suppose 14*i = 18*i - 24. Let n be (-114)/22 - i/(-33). Let w(o) = -o + 4. What is w(n)?
9
Let r = 35 + -28. Suppose -2*u - r = 3*m, -m + 0*u = -4*u + 21. Let w(s) = 0*s + 2*s**2 - 2 - 2*s - s**3 - 7*s**2 + 9. What is w(m)?
17
Let s be 2 + (0/3)/1. Suppose -s*k - 8 = -4*f, 3 = 5*k + f + 1. Let n(z) = z + 15. Determine n(k).
15
Let f(r) = 6*r**2 + 10 + 11 - 33 + r + 13. Determine f(-1).
6
Let n(j) = -j**3 - 7*j**2 - 8*j - 9. Let x be n(-6). Let b(u) be the third derivative of u**4/24 - 5*u**3/6 - 347*u**2. Calculate b(x).
-2
Let x(b) = -4032*b**3 + 8*b**2 - 1 - 4029*b**3 + 4*b + 8060*b**3 + 4. Give x(8).
35
Let q(b) be the third derivative of 2*b**2 - 7/24*b**4 + 0*b + 1/120*b**6 - 1/2*b**3 + 0 + 1/12*b**5. Calculate q(-6).
3
Let d(o) be the first derivative of -3*o**2/2 - 6*o + 7. Let k be -7 + (0 - -2) - -1. Give d(k).
6
Let w(u) = u**2 - 25*u + 17. Let d(l) = l**2 - 22*l + 16. Let z(a) = 6*d(a) - 5*w(a). Calculate z(9).
29
Let x(s) be the second derivative of s**4/4 - s**3/6 + 62*s. Let b be (2/(-3))/(8/12). What is x(b)?
4
Suppose 48*m = 69 + 75. Let g(d) = d**2 - 8*d + 8. Calculate g(m).
-7
Let q(x) = 25*x - 8316*x**2 - 8323*x**2 + 16640*x**2 + 67. What is q(-22)?
1
Let q(x) = -6*x**2 + 4*x**3 - 4 + 3*x - 9*x - 5*x**3. Suppose 2*z + 16*z = -90. Determine q(z).
1
Suppose -2 = 4*k - 66. Let a(o) = 1 + k*o + 8*o - 20*o. Determine a(1).
5
Let t(p) be the second derivative of p**4/12 + p**3/6 - p**2 + 6*p - 1. Calculate t(-4).
10
Suppose 39 = 2*b + 25. Let u(p) = 2 - 5*p + b*p**2 + 18*p**2 - 24*p**2. Determine u(6).
8
Let t(o) = o**2 - 4*o + 3. Let h = 21 - -11. Suppose 10*q - h = 18. Give t(q).
8
Let o = 262 + -265. Let l(j) = -j**2 + j - 1. Determine l(o).
-13
Let f(r) = -7*r - 1. Let l be f(-1). Let b(c) be the second derivative of -c**4/12 + 7*c**3/6 - 2*c. Calculate b(l).
6
Let j(i) = i**3 + 9*i**2 - 9. Let m(p) = p**2 - 13*p + 27. Let u be m(9). What is j(u)?
-9
Suppose -25 = -54*v + 49*v. Suppose 2*h - 23 = -v*p, -2*h + 14 = 2*p - 0. Let i(b) = b**2 - 3*b - 2. What is i(p)?
-2
Let k(n) = n**3 - 2*n + 1. Suppose 3*p = 4*s - 5*s + 7, -9 = -3*s - 3*p. Suppose s = -6*t + 13. Determine k(t).
5
Let w(d) = d**2 + 10*d + 17. Suppose 0 = -3*r - 2*k + 5*k - 36, 23 = -4*r - k. Let i be w(r). Let p(v) = -v**2 - 4*v + 3. Give p(i).
3
Let u(d) = -d**2 - 2*d. Let t(m) = m**3 + 11*m**2 + 11*m + 280. Let s be t(-12). What is u(s)?
-24
Let m = -22 + 26. Suppose 0 = m*k + 4, -5*k - 9 = 2*s. Let a(p) = p**3 + 3*p**2 + 2*p - 2. Calculate a(s).
-2
Let t(r) = -3 + 105*r**3 - 34*r - 106*r**3 + 30*r + 8*r**2. What is t(8)?
-35
Suppose -9 = -0*p + 2*p - 5*w, -p - 5*w = -3. Let r(z) = 5*z**2 + z. What is r(p)?
18
Suppose -81*p + 69 = -336. Let f(k) = k**3 - 5*k**2 - 4*k + 5. What is f(p)?
-15
Let i(m) = m**2 - 3*m + 3. Let d = -4 + 25. Suppose 20*z - d*z = 4. Let l be ((-20)/6 - z)*3. Determine i(l).
1
Let x(u) = -4*u**2 - u - 1. Let o(y) = 11*y**2 + y + 3. Let q(w) = -3*o(w) - 8*x(w). Calculate q(4).
3
Let f(g) = -7 + 18 - 6 - 7 - g**2. Let w(p) = -2*p - 8. Let c be w(-10). Let s be c/18 - 4/6. Give f(s).
-2
Suppose -4*p - 8 - 12 = -4*i, -2*p + 5*i = 10. Let c(v) = 3*v - 1. Let y(n) = -4*n + 1. Suppose -2 = l - 5. Let u(m) = l*c(m) + 2*y(m). What is u(p)?
-6
Let r be (-20 + -3 + 3)*4/(-10). Suppose 0 = -15*n + 16*n - r. Let p(d) = -d + 9. What is p(n)?
1
Let l be (2 + 0)*((-36)/8 + 6). Let p(n) be the first derivative of -n**3/3 + n**2 - n + 2. Determine p(l).
-4
Let m(d) = 2*d + 2. Let v be m(0). Let z(g) = 3*g**v + 0 - 2 + 2. Suppose 9*a - 11 = -2*a. What is z(a)?
3
Let s = -750 - -749. Let a(r) = -21*r**2 + 1. Give a(s).
-20
Let w(g) = -2*g - 1. Let d = 17 + -15. Suppose 3*z - 3 = d*z. Suppose 8*h = z*h - 5. Calculate w(h).
1
Let w(u) = -7*u**3 - 3*u**2 - 13*u - 13. Let z(j) = -12*j**3 - 5*j**2 - 22*j - 25. Let c(a) = -5*w(a) + 3*z(a). Let f = 1 + -1. What is c(f)?
-10
Let w = 5 - 0. Let j(i) = -5*i**2 - 4*i**2 - 2*i**2 - 2*i - w + 9*i**2. Let l(q) = -q. Let y(c) = -j(c) - 5*l(c). What is y(-4)?
9
Let m be 5 + (2/(-2) - -1). Let o(j) = 2*j - m*j + 4 + j + j. Give o(6).
-2
Let g(b) = -b**3 - b**2 + 4*b. Suppose -4*z - 2 = 10. Let x be (((-9)/z)/9)/((-5)/45). Give g(x).
6
Let f(k) = 14 + 19 + k**3 - 13*k - 49 + 0*k**3 + 10*k**2. Determine f(-11).
6
Let m(z) be the first derivative of 8*z**3/3 + z**2 + 2*z + 42. Give m(-2).
30
Let m = 383 + -384. Suppose 5*o - h + 3*h = 31, o = 3*h - 4. Let n(l) = 3 - 4 - 5*l - o*l. What is n(m)?
9
Let y(g) be the third derivative of g**8/20160 + g**7/420 - 7*g**6/360 + 13*g**5/20 - 27*g**2. Let q(z) be the third derivative of y(z). Calculate q(-13).
-1
Let d(m) = m**2 + 4*m + 4. Let w(s) = s**2 - 11*s - 14. Let g be 9/(-12) + (-51)/(-4). Let a be w(g). Let n be a/(-3)*(-15)/2. What is d(n)?
9
Let x(y) be the first derivative of y**2/2 - 7*y + 47. Calculate x(0).
-7
Suppose w - 49 = 3*j, 3*w - 65 - 96 = 2*j. Let c(f) = f**2 - f + 66. Let u be c(0). Let i be 10/(-3)*u/w. Let x(k) = -k**2 - 4*k + 1. What is x(i)?
1
Let a(v) be the first derivative of 1/2*v**2 + 6 - 7*v. Calculate a(-5).
-12
Let n = -85 - -94. Let x(w) = -n*w + w**3 + 21*w - 7*w + 5*w**2 - 8*w + 6. What is x(-5)?
21
Let s(r) be the first derivative of r**3/6 - 4*r**2 + 15*r + 17. Let a(h) be the first derivative of s(h). Give a(-6).
-14
Let m(q) = 2*q + 1. Let i(v) = -v**2 + 22*v + 52. Let p be i(24). Determine m(p).
9
Let v(u) = 12980*u**2 - 4*u - 3*u**3 + 3*u - 12970*u**2 + 4*u**3 + 3. Give v(-10).
13
Suppose -6 = -8*y + 6*y. Suppose 2*o - y*f - 27 = 0, -2*o - 3*f = 2*o - 9. Let x(q) = -q**3 + 5*q**2 + 8*q - 3. What is x(o)?
9
Let z = -90 + 103. Suppose 0 = -3*x + z*x + 30. Let l(t) = 3*t + 1. Determine l(x).
-8
Let o(j) = 0 - j - 5 + 4 - j. Let a be o(-3). Let v(c) = -a*c**2 - c**3 + 2 + c + 0*c**3 - 5*c + 3. Determine v(-4).
5
Let h(d) = d**2 - 24056*d**3 + 24057*d**3 - 2 + 2*d + 4*d**2. Give h(-4).
6
Let y(p) = 2*p**2 + p. Let g(x) = -9*x**2 - 4*x - 7. Let t(j) = g(j) + 5*y(j). Give t(-3).
-1
Let x(w) = 2*w - 10*w - 3*w + 8*w - 18. Give x(-6).
0
Suppose 4*r + 4*d = 96, r - 2*r + 20 = 2*d. Let a = r + -33. Let m(w) = w**3 + 6*w**2 + 5*w - 6. Give m(a).
-6
Let q(c) = -c**2 + c - 4. Let a be 2 + (36 - (-16)/4). Let h = a + -39. Determine q(h).
-10
Let f(i) be the first derivative of i**2/2 + 8*i - 1. Let l(g) = -g**3 - 7*g**2 - 12*g - 43. Let d be l(-6). Determine f(d).
1
Let h(a) = -5*a**2 - 6. Let d(f) = f**2 - 1. Let z(n) = -5*d(n) + h(n). Let c(t) = -t**2 - 6*t - 5. Let l be c(-4). Suppose m - l = 4*m. Determine z(m).
-11
Let p(k) = 4 + 277*k**2 - 130*k**2 - 138*k**2 - k**3 + 10*k. Calculate p(10).
4
Let y be 3/((-15)/(-8)) + (-4)/(-10). Let g(p) = p**2 - 6*p + 3. Determine g(y).
-5
Let s(c) = -4*c + 4. Suppose -15*p = -18*p - 177. Let t = p + 56. Determine s(t).
16
Let h = -274 - -287. Let w(i) = -1 + 2*i**2 + 5*i**2 + 13*i - 7*i**2 - i**2. Calculate w(h).
-1
Let b = -740 - -736. Let g(v) = -v**2 - 3*v + 4. Give g(b).
0
Let h = -290 - -296. Let g(v) = -3*v + 1. What is g(h)?
-17
Let f(k) be the third derivative of -k**6/120 - 2*k**5/15 - k**4/6 + 8*k**3/3 - 181*k**2. Determine f(-7).
-5
Let l(r) = 4*r**2 - 2*r + 7. Let k(y) = -7*y**2 + y - 14. Let b(q) = -3*k(q) - 5*l(q). Determine b(-3).
-5
Let c(u) = 6 + u + 4 + 0 - 7. Suppose 3 = 18*n - 17*n. Give c(n).
6
Let n(k) = 6*k - 13. Let f(u) = -u + 3. Let t(p) = 4*f(p) + n(p). Let w = 2 - 2. Let j = w + 4. Give t(j).
7
Let b(o) = o**3 + o**2 - o - 15. Suppose 2*n + n - 3*u = 6, -2*n = 5*u + 24. Let y be (-7)/n*(-6)/(-3). Let s = y + -7. What is b(s)?
-15
Let t be 2 + 2 + -1 + -1. Let n(p) = 3*p**3 + p - 1. Let k be n(1). Suppose -v - v + k*d = 4, 4 = -t*d. Let c(s) = s + 5. Give c(v).
0
Let m(g) = g**3 - 11*g**2 - 11*g - 8. Let t be m(12). Let c = -2 + t. Let u(w) = 3 - 5 - c*w**2 + w**2 + 1. What is u(0)?
-1
Let k be (-2 - 15/(-9))*-6. Suppose -k*l = -4 + 14. Let i(r) = -64*r**2 - 65*r**2 + 201*r**2 + 4*r - 71*r**2 - 7. What is i(l)?
-2
Let i(z) = z**3 + 7*z**2 + 5*z + 4. Let q be (15/6 - 1)/(9/24). Let d be (-9)/(2/q + 1). What is i(d)?
10
Let z(h) be the third derivative of h**6/120 + h**4/24 - h**3/2 + 6*h**2. Let p be z(0). Le